 9
1
What is b3 (base 12) in base 7?
252
Convert 105 (base 13) to base 9.
213
What is 110 (base 4) in base 11?
19
-4 (base 7) to base 10
-4
Convert -1 (base 13) to base 3.
-1
What is -85 (base 14) in base 12?
-99
Convert -2311 (base 5) to base 7.
-652
423 (base 5) to base 12
95
-3 (base 14) to base 8
-3
Convert -18 (base 10) to base 15.
-13
What is 86 (base 16) in base 4?
2012
Convert -21 (base 13) to base 5.
-102
What is -5 (base 11) in base 5?
-10
2 (base 16) to base 4
2
What is -21 (base 14) in base 16?
-1d
-5 (base 9) to base 15
-5
Convert 31 (base 9) to base 12.
24
11101 (base 2) to base 4
131
What is 5 (base 8) in base 14?
5
What is 7 (base 10) in base 2?
111
What is b (base 12) in base 5?
21
3 (base 11) to base 6
3
Convert 9 (base 16) to base 15.
9
Convert 4 (base 16) to base 6.
4
2 (base 14) to base 6
2
26 (base 9) to base 5
44
-45 (base 8) to base 10
-37
1 (base 2) to base 5
1
Convert 337 (base 8) to base 2.
11011111
What is -61 (base 10) in base 13?
-49
Convert -2 (base 4) to base 11.
-2
27 (base 12) to base 10
31
-1 (base 5) to base 6
-1
1 (base 8) to base 4
1
Convert -1 (base 10) to base 8.
-1
31 (base 11) to base 4
202
What is -1 (base 13) in base 15?
-1
10001 (base 2) to base 8
21
What is -14 (base 11) in base 13?
-12
Convert 101 (base 10) to base 5.
401
What is -6 (base 16) in base 7?
-6
What is 21 (base 4) in base 6?
13
2 (base 12) to base 2
10
What is -10000110 (base 2) in base 5?
-1014
What is 1c (base 16) in base 3?
1001
Convert 11 (base 5) to base 15.
6
What is 3103 (base 4) in base 15?
e1
What is 0 (base 2) in base 14?
0
What is -19 (base 13) in base 7?
-31
20 (base 3) to base 2
110
Convert -68 (base 10) to base 7.
-125
Convert 1b (base 14) to base 6.
41
Convert 13 (base 10) to base 6.
21
What is 1 (base 14) in base 11?
1
What is -12 (base 3) in base 16?
-5
Convert 44 (base 12) to base 10.
52
What is 6 (base 10) in base 13?
6
Convert -21 (base 3) to base 16.
-7
Convert -3 (base 8) to base 13.
-3
What is 114 (base 5) in base 2?
100010
What is 16f (base 16) in base 8?
557
Convert -10 (base 7) to base 5.
-12
-2 (base 12) to base 5
-2
Convert 3 (base 12) to base 7.
3
-24 (base 5) to base 10
-14
What is 0 (base 2) in base 4?
0
Convert 17 (base 12) to base 11.
18
What is -313 (base 4) in base 6?
-131
Convert b (base 16) to base 7.
14
54 (base 11) to base 6
135
What is -169 (base 11) in base 13?
-121
47 (base 11) to base 7
102
Convert -28 (base 11) to base 3.
-1010
Convert 1013 (base 6) to base 3.
22100
What is -112 (base 8) in base 14?
-54
Convert -421 (base 7) to base 2.
-11010011
Convert -3 (base 11) to base 7.
-3
Convert -140 (base 9) to base 3.
-11100
10200 (base 3) to base 14
71
Convert 1 (base 10) to base 6.
1
Convert -10 (base 4) to base 11.
-4
Convert -249 (base 10) to base 6.
-1053
Convert -6 (base 8) to base 4.
-12
Convert -32 (base 14) to base 16.
-2c
5 (base 6) to base 13
5
-32 (base 14) to base 2
-101100
23 (base 12) to base 13
21
Convert -4 (base 6) to base 2.
-100
213 (base 8) to base 14
9d
What is c2 (base 16) in base 13?
11c
Convert 94 (base 15) to base 9.
164
-10010011 (base 2) to base 11
-124
-3 (base 12) to base 7
-3
0 (base 13) to base 16
0
0 (base 15) to base 3
0
What is -1b (base 14) in base 16?
-19
Convert 0 (base 15) to base 4.
0
What is -41 (base 5) in base 11?
-1a
Convert 0 (base 3) to base 4.
0
Convert 13 (base 8) to base 5.
21
Convert -7 (base 16) to base 14.
-7
Convert -334 (base 8) to base 6.
-1004
1 (base 5) to base 9
1
Convert -3 (base 7) to base 6.
-3
-5 (base 6) to base 15
-5
3 (base 10) to base 14
3
What is 5 (base 15) in base 12?
5
Convert 301 (base 4) to base 13.
3a
5 (base 13) to base 6
5
What is 2 (base 6) in base 10?
2
What is 258 (base 10) in base 7?
516
Convert 9 (base 10) to base 9.
10
What is 6 (base 14) in base 11?
6
What is -26 (base 11) in base 13?
-22
4 (base 9) to base 3
11
What is 10 (base 12) in base 3?
110
-3 (base 13) to base 11
-3
-b0 (base 14) to base 6
-414
What is 101111 (base 2) in base 3?
1202
What is -a (base 12) in base 13?
-a
Convert -111 (base 2) to base 6.
-11
Convert 3210 (base 4) to base 9.
273
2 (base 9) to base 14
2
Convert 0 (base 8) to base 6.
0
What is 7a (base 14) in base 11?
99
141 (base 10) to base 6
353
46 (base 16) to base 2
1000110
-37 (base 15) to base 14
-3a
Convert d (base 16) to base 12.
11
What is 17 (base 8) in base 13?
12
Convert -1 (base 7) to base 4.
-1
What is 2 (base 4) in base 3?
2
-4 (base 15) to base 9
-4
What is 2 (base 4) in base 6?
2
-14 (base 5) to base 16
-9
What is -31 (base 13) in base 9?
-44
2 (base 10) to base 6
2
21 (base 7) to base 11
14
Convert 3 (base 11) to base 7.
3
-1 (base 2) to base 10
-1
What is 110 (base 5) in base 3?
1010
Convert -69 (base 12) to base 4.
-1101
What is 5 (base 10) in base 2?
101
Convert -100000010 (base 2) to base 3.
-100120
Convert 2 (base 6) to base 11.
2
What is 3 (base 9) in base 16?
3
Convert 33 (base 8) to base 15.
1c
Convert 10001 (base 2) to base 4.
101
What is 30 (base 6) in base 12?
16
Convert -333 (base 5) to base 4.
-1131
Convert 552 (base 7) to base 4.
10122
What is 431 (base 5) in base 8?
164
-4 (base 13) to base 16
-4
What is 111 (base 5) in base 8?
37
Convert 3 (base 6) to base 15.
3
What is 13 (base 14) in base 9?
18
What is 0 (base 10) in base 3?
0
What is 1010110 (base 2) in base 7?
152
Convert -2 (base 3) to base 9.
-2
40 (base 8) to base 4
200
Convert -11 (base 7) to base 9.
-8
Convert 10 (base 6) to base 14.
6
What is 2 (base 3) in base 9?
2
Convert -31 (base 7) to base 10.
-22
Convert -1b (base 14) to base 3.
-221
-76 (base 9) to base 14
-4d
Convert 2 (base 4) to base 14.
2
ff (base 16) to base 9
313
4 (base 7) to base 2
100
-2 (base 5) to base 2
-10
What is -11 (base 3) in base 10?
-4
15 (base 8) to base 15
d
Convert -4 (base 9) to base 2.
-100
Convert -100 (base 8) to base 7.
-121
What is 11120 (base 3) in base 9?
146
What is -36 (base 16) in base 15?
-39
What is -35 (base 11) in base 13?
-2c
Convert 4b (base 12) to base 14.
43
What is 20 (base 14) in base 10?
28
12 (base 8) to base 16
a
5 (base 13) to base 9
5
What is -1100 (base 4) in base 7?
-143
What is -51 (base 9) in base 12?
-3a
17 (base 8) to base 5
30
Convert -21 (base 6) to base 9.
-14
What is 19 (base 14) in base 11?
21
Convert -27 (base 11) to base 4.
-131
-2 (base 15) to base 6
-2
What is 10100 (base 3) in base 10?
90
Convert -443 (base 9) to base 4.
-11223
What is -162 (base 8) in base 7?
-222
Convert -302 (base 7) to base 5.
-1044
1 (base 14) to base 7
1
What is -3 (base 4) in base 11?
-3
What is -1 (base 3) in base 6?
-1
-cd (base 16) to base 6
-541
What is 14 (base 9) in base 8?
15
Convert -7 (base 9) to base 15.
-7
What is -10120 (base 3) in base 9?
-116
-101 (base 8) to base 12
-55
Convert 12 (base 7) to base 13.
9
What is -3 (base 9) in base 5?
-3
-131 (base 16) to base 14
-17b
Convert 38 (base 9) to base 2.
100011
Convert -2 (base 15) to base 8.
-2
What is 13 (base 9) in base 10?
12
Convert -22 (base 8) to base 15.
-13
-3 (base 11) to base 16
-3
Convert -4 (base 12) to base 2.
-100
412 (base 5) to base 8
153
What is 69 (base 10) in base 7?
126
16 (base 10) to base 15
11
Convert 0 (base 9) to base 5.
0
-12 (base 3) to base 2
-101
What is 400 (base 8) in base 9?
314
Convert 4 (base 11) to base 3.
11
Convert -12 (base 3) to base 5.
-10
What is 3 (base 11) in base 9?
3
What is 0 (base 4) in base 8?
0
-101 (base 3) to base 10
-10
9 (base 12) to base 10
9
What is 1 (base 10) in base 5?
1
What is -1 (base 10) in base 4?
-1
-8 (base 13) to base 14
-8
2 (base 14) to base 13
2
What is -20 (base 16) in base 2?
-100000
What is 22 (base 7) in base 2?
10000
What is 8 (base 9) in base 11?
8
12201 (base 3) to base 14
b0
Convert -2 (base 9) to base 10.
-2
1010 (base 4) to base 7
125
What is -42 (base 11) in base 7?
-64
-ab (base 13) to base 15
-96
Convert 90 (base 11) to base 10.
99
What is -1 (base 11) in base 2?
-1
2 (base 12) to base 7
2
What is 33 (base 11) in base 2?
100100
2 (base 5) to base 6
2
What is -230 (base 5) in base 12?
-55
What is -313 (base 4) in base 12?
-47
Convert -100101000 (base 2) to base 11.
-24a
What is 2 (base 15) in base 10?
2
What is -407 (base 9) in base 8?
-513
What is -13 (base 5) in base 16?
-8
What is 211 (base 3) in base 6?
34
What is 27 (base 9) in base 3?
221
Convert -28 (base 11) to